{"id":8,"date":"2020-08-13T12:01:38","date_gmt":"2020-08-13T10:01:38","guid":{"rendered":"http:\/\/staging.tobiaslensinger.de\/?page_id=8"},"modified":"2022-09-08T20:01:29","modified_gmt":"2022-09-08T18:01:29","slug":"unterricht","status":"publish","type":"page","link":"https:\/\/tobiaslensinger.de\/","title":{"rendered":"Tobias Lensinger"},"content":{"rendered":"<p><img decoding=\"async\" src=\"\/wp-content\/uploads\/2022\/08\/Tobias-Lensinger-Musiker-Tontechniker_0169.jpg\" alt=\"\"><\/p>\n<ul>\n<li>\n<h4>Musiker<\/h4>\n<p>S\u00e4nger, Gitarrist und Multiinstrumentalist<\/p>\n<div>\n<p><strong>Ein Urgestein in der Musikerszene in Rheinhessen.<\/strong><\/p>\n<p>Mit seiner kraftvollen Stimme und umfassenden Repertoire aus Pop, Rock, Jazz und Funk begeistert er das Publikum regelm\u00e4\u00dfig bei Konzerten und Events.<br \/>Als Gitarrist und S\u00e4nger tritt er mit seinem Soloprogramm auf, im Duo mit Saxophonistin als <a href=\"https:\/\/diekleinegroovekapelle.de\/\" target=\"_blank\" rel=\"noopener\">&#8222;die kleine Groovekapelle&#8220;<\/a>, als Trio bei der Jam-Band &#8222;Sugar Boys&#8220;, und als regelm\u00e4\u00dfiger Gast bei der etablierten Partyband <a href=\"https:\/\/meandtheheat.eu\/\" target=\"_blank\" rel=\"noopener\">&#8222;Me and the Heat&#8220;<\/a>.<br \/>In gr\u00f6\u00dferen Formationen findet man ihn auch am Klavier oder am Kontrabass, wie beim einf\u00fchlsamen Chanson-Projekt <a href=\"https:\/\/la-vie-en-ro.se\/\" target=\"_blank\" rel=\"noopener\">&#8222;La Vie En Rose&#8220;<\/a>.<\/p>\n<\/div>\n<\/li>\n<li>\n<h4>Tontechniker<\/h4>\n<div>\n<p><strong>Tobias Lensinger ist Tontechniker f\u00fcr Konzerte und Events, Live und Streaming.<\/strong><br \/><span>Als technischer Leiter des Jazzclubs <a href=\"https:\/\/www.ellalouis.de\/\" target=\"_blank\" rel=\"noopener\">Ella&amp;Louis<\/a><\/span><span> in Mannheim hatte Tobias Lensinger jeden, der Rang und Namen hat, <\/span><span>vor dem Mikrofon und im Rahmen von Livestreams auch vor der Kamera.<\/span><br \/><span>Auch bei Festivals oder Firmenevents und Messen ist Tobias Lensinger ein verl\u00e4sslicher Partner, <\/span><span>der sich dank schneller Auffassungsgabe in jedes Team integrieren und in jedes System einarbeiten kann.<\/span><br \/><span>So z\u00e4hlt mit der <a href=\"https:\/\/www.mcon-mannheim.de\/\" target=\"_blank\" rel=\"noopener\">M:CON<\/a> <\/span><span>auch eines der gefragtesten Kongresszentren Deutschlands zu seinen Stammkunden.<\/span><br \/><span>Tobias Lensinger legt Wert auf Mobilit\u00e4t und Flexibilit\u00e4t und den Fokus auf guten Sound, <\/span><span>um die Vision der jeweiligen K\u00fcnstler und Redner zum Leben zu erwecken <\/span><span>und eine Veranstaltung von einer Idee zu einem Erfolg zu machen.<\/span><\/p>\n<\/div>\n<\/li>\n<\/ul>\n<ul>\n<li>\n        <a href=\"tel:+4917673011497\">Anrufen<\/a>\n    <\/li>\n<li>\n        <a href=\"\/%20https:\/wa.me\/4917673011497\">What&#8217;s App<\/a>\n    <\/li>\n<li>\n        <a href=\"mailto:email@tobiaslensinger.de\">E-Mail senden<\/a>\n    <\/li>\n<\/ul>\n<ul>\n<li><a href=\"tel:+4917673011497\">receiver<\/a>\n<\/li>\n<li><a href=\"https:\/\/wa.me\/4917673011497\">whatsapp<\/a>\n<\/li>\n<li><a href=\"mailto:email@tobiaslensinger.de\">mail<\/a>\n<\/li>\n<\/ul>\n<p><img decoding=\"async\" src=\"\/wp-content\/uploads\/2022\/08\/Tobias-Lensinger-Musiker-Tontechniker_0705.jpg\" alt=\"\"><\/p>\n<ul>\n<li>\n<h4>Musiker<\/h4>\n<p>S\u00e4nger, Gitarrist und Multiinstrumentalist<\/p>\n<div>\n<p><strong>Ein Urgestein in der Musikerszene in Rheinhessen.<\/strong><\/p>\n<p>Mit seiner kraftvollen Stimme und umfassenden Repertoire aus Pop, Rock, Jazz und Funk begeistert er das Publikum regelm\u00e4\u00dfig bei Konzerten und Events. Als Gitarrist und S\u00e4nger tritt er mit seinem Soloprogramm auf, im Duo mit Saxophonistin als <a href=\"https:\/\/diekleinegroovekapelle.de\/\" target=\"_blank\" rel=\"noopener\">&#8222;die kleine Groovekapelle&#8220;<\/a>, als Trio bei der Jam-Band &#8222;Sugar Boys&#8220;, und als regelm\u00e4\u00dfiger Gast bei der etablierten Partyband <a href=\"https:\/\/meandtheheat.eu\/\" target=\"_blank\" rel=\"noopener\">&#8222;Me and the Heat&#8220;<\/a>. In gr\u00f6\u00dferen Formationen findet man ihn auch am Klavier oder am Kontrabass, wie beim einf\u00fchlsamen Chanson-Projekt <a href=\"https:\/\/la-vie-en-ro.se\/\" target=\"_blank\" rel=\"noopener\">&#8222;La Vie En Rose&#8220;<\/a>.<\/p>\n<\/div>\n<\/li>\n<li>\n<h4>Tontechniker<\/h4>\n<div>\n<p><strong>Tobias Lensinger ist Tontechniker f\u00fcr Konzerte und Events, Live und Streaming.<\/strong><br \/><span>Als technischer Leiter des Jazzclubs <a href=\"https:\/\/www.ellalouis.de\/\" target=\"_blank\" rel=\"noopener\">Ella&amp;Louis<\/a><\/span><span> in Mannheim hatte Tobias Lensinger jeden, der Rang und Namen hat, <\/span><span>vor dem Mikrofon und im Rahmen von Livestreams auch vor der Kamera.<\/span><br \/><span>Auch bei Festivals oder Firmenevents und Messen ist Tobias Lensinger ein verl\u00e4sslicher Partner, <\/span><span>der sich dank schneller Auffassungsgabe in jedes Team integrieren und in jedes System einarbeiten kann.<\/span><br \/><span>So z\u00e4hlt mit der <a href=\"https:\/\/www.mcon-mannheim.de\/\" target=\"_blank\" rel=\"noopener\">M:CON<\/a> <\/span><span>auch eines der gefragtesten Kongresszentren Deutschlands zu seinen Stammkunden.<\/span><br \/><span>Tobias Lensinger legt Wert auf Mobilit\u00e4t und Flexibilit\u00e4t und den Fokus auf guten Sound, <\/span><span>um die Vision der jeweiligen K\u00fcnstler und Redner zum Leben zu erwecken <\/span><span>und eine Veranstaltung von einer Idee zu einem Erfolg zu machen.<\/span><\/p>\n<\/div>\n<\/li>\n<\/ul>\n<ul>\n<li><a href=\"tel:+4917673011497\">receiver<\/a>\n<\/li>\n<li><a href=\"https:\/\/wa.me\/4917673011497\">whatsapp<\/a>\n<\/li>\n<li><a href=\"mailto:email@tobiaslensinger.de\">mail<\/a>\n<\/li>\n<\/ul>\n<p><img decoding=\"async\" src=\"\/wp-content\/uploads\/2022\/08\/Tobias-Lensinger-Musiker-Tontechniker_0507.jpg\" alt=\"\"><\/p>\n<ul>\n<li>\n<h4>Musiker<\/h4>\n<p>S\u00e4nger, Gitarrist und Multiinstrumentalist<\/p>\n<div>\n<p><strong>Ein Urgestein in der Musikerszene in Rheinhessen.<\/strong><\/p>\n<p>Mit seiner kraftvollen Stimme und umfassenden Repertoire aus Pop, Rock, Jazz und Funk begeistert er das Publikum regelm\u00e4\u00dfig bei Konzerten und Events. Als Gitarrist und S\u00e4nger tritt er mit seinem Soloprogramm auf, im Duo mit Saxophonistin als <a href=\"https:\/\/diekleinegroovekapelle.de\/\" target=\"_blank\" rel=\"noopener\">&#8222;die kleine Groovekapelle&#8220;<\/a>, als Trio bei der Jam-Band &#8222;Sugar Boys&#8220;, und als regelm\u00e4\u00dfiger Gast bei der etablierten Partyband <a href=\"https:\/\/meandtheheat.eu\/\" target=\"_blank\" rel=\"noopener\">&#8222;Me and the Heat&#8220;<\/a>. In gr\u00f6\u00dferen Formationen findet man ihn auch am Klavier oder am Kontrabass, wie beim einf\u00fchlsamen Chanson-Projekt <a href=\"https:\/\/la-vie-en-ro.se\/\" target=\"_blank\" rel=\"noopener\">&#8222;La Vie En Rose&#8220;<\/a>.<\/p>\n<\/div>\n<\/li>\n<li>\n<h4>Tontechniker<\/h4>\n<div>\n<p><strong>Tobias Lensinger ist Tontechniker f\u00fcr Konzerte und Events, Live und Streaming.<\/strong><br \/><span>Als technischer Leiter des Jazzclubs <a href=\"https:\/\/www.ellalouis.de\/\" target=\"_blank\" rel=\"noopener\">Ella&amp;Louis<\/a><\/span><span> in Mannheim hatte Tobias Lensinger jeden, der Rang und Namen hat, <\/span><span>vor dem Mikrofon und im Rahmen von Livestreams auch vor der Kamera.<\/span><br \/><span>Auch bei Festivals oder Firmenevents und Messen ist Tobias Lensinger ein verl\u00e4sslicher Partner, <\/span><span>der sich dank schneller Auffassungsgabe in jedes Team integrieren und in jedes System einarbeiten kann.<\/span><br \/><span>So z\u00e4hlt mit der <a href=\"https:\/\/www.mcon-mannheim.de\/\" target=\"_blank\" rel=\"noopener\">M:CON<\/a> <\/span><span>auch eines der gefragtesten Kongresszentren Deutschlands zu seinen Stammkunden.<\/span><br \/><span>Tobias Lensinger legt Wert auf Mobilit\u00e4t und Flexibilit\u00e4t und den Fokus auf guten Sound, <\/span><span>um die Vision der jeweiligen K\u00fcnstler und Redner zum Leben zu erwecken <\/span><span>und eine Veranstaltung von einer Idee zu einem Erfolg zu machen.<\/span><\/p>\n<\/div>\n<\/li>\n<\/ul>\n<p><!--more--><br \/>\n<!-- {\"name\":\"Companies\",\"type\":\"layout\",\"children\":[{\"type\":\"section\",\"props\":{\"style\":\"default\",\"width\":\"\",\"vertical_align\":\"\",\"title_position\":\"top-left\",\"title_rotation\":\"left\",\"title_breakpoint\":\"xl\",\"image_position\":\"center-center\",\"overlap\":true,\"padding\":\"xsmall\"},\"children\":[{\"type\":\"row\",\"children\":[{\"type\":\"column\",\"props\":{\"position_sticky_breakpoint\":\"m\",\"image_position\":\"center-center\",\"media_overlay_gradient\":\"\"},\"children\":[{\"type\":\"popover\",\"props\":{\"show_title\":true,\"show_meta\":true,\"show_content\":true,\"show_image\":false,\"show_link\":false,\"icon\":\"plus\",\"drop_mode\":\"hover\",\"drop_position\":\"top-center\",\"card_style\":\"secondary\",\"title_hover_style\":\"reset\",\"title_element\":\"h4\",\"meta_style\":\"h6\",\"meta_align\":\"below-title\",\"meta_element\":\"div\",\"image_card_padding\":true,\"image_svg_color\":\"emphasis\",\"link_text\":\"Read more\",\"link_style\":\"default\",\"margin\":\"default\",\"background_image\":\"wp-content\\\/uploads\\\/2022\\\/08\\\/Tobias-Lensinger-Musiker-Tontechniker_0169.jpg\",\"background_image_height\":\"1280\",\"card_size\":\"small\",\"visibility\":\"l\",\"title_style\":\"h4\",\"meta_margin\":\"remove\",\"drop_width\":\"320\"},\"children\":[{\"type\":\"popover_item\",\"props\":{\"title\":\"Musiker\",\"position_x\":\"67\",\"position_y\":\"21\",\"drop_position\":\"left-center\",\"content\":\"\n\n<p><strong>Ein Urgestein in der Musikerszene in Rheinhessen.<\\\/strong><\\\/p>\\n\n\n<p>Mit seiner kraftvollen Stimme und umfassenden Repertoire aus Pop, Rock, Jazz und Funk begeistert er das Publikum regelm\\u00e4\\u00dfig bei Konzerten und Events.<br \\\/>Als Gitarrist und S\\u00e4nger tritt er mit seinem Soloprogramm auf, im Duo mit Saxophonistin als <a href=\\\"https:\\\/\\\/diekleinegroovekapelle.de\\\/\\\" target=\\\"_blank\\\" rel=\\\"noopener\\\">\\\"die kleine Groovekapelle\\\"<\\\/a>, als Trio bei der Jam-Band \\\"Sugar Boys\\\", und als regelm\\u00e4\\u00dfiger Gast bei der etablierten Partyband <a href=\\\"https:\\\/\\\/meandtheheat.eu\\\/\\\" target=\\\"_blank\\\" rel=\\\"noopener\\\">\\\"Me and the Heat\\\"<\\\/a>.<br \\\/>In gr\\u00f6\\u00dferen Formationen findet man ihn auch am Klavier oder am Kontrabass, wie beim einf\\u00fchlsamen Chanson-Projekt <a href=\\\"https:\\\/\\\/la-vie-en-ro.se\\\/\\\" target=\\\"_blank\\\" rel=\\\"noopener\\\">\\\"La Vie En Rose\\\"<\\\/a>.<\\\/p>\",\"meta\":\"S\\u00e4nger, Gitarrist und Multiinstrumentalist\"}},{\"type\":\"popover_item\",\"props\":{\"position_x\":\"45\",\"position_y\":\"36\",\"title\":\"Tontechniker\",\"content\":\"\n\n<p><strong>Tobias Lensinger ist Tontechniker f\\u00fcr Konzerte und Events, Live und Streaming.<\\\/strong><br \\\/><span>Als technischer Leiter des Jazzclubs <a href=\\\"https:\\\/\\\/www.ellalouis.de\\\/\\\" target=\\\"_blank\\\" rel=\\\"noopener\\\">Ella&amp;Louis<\\\/a><\\\/span><span> in Mannheim hatte Tobias Lensinger jeden, der Rang und Namen hat, <\\\/span><span>vor dem Mikrofon und im Rahmen von Livestreams auch vor der Kamera.<\\\/span><br \\\/><span>Auch bei Festivals oder Firmenevents und Messen ist Tobias Lensinger ein verl\\u00e4sslicher Partner, <\\\/span><span>der sich dank schneller Auffassungsgabe in jedes Team integrieren und in jedes System einarbeiten kann.<\\\/span><br \\\/><span>So z\\u00e4hlt mit der <a href=\\\"https:\\\/\\\/www.mcon-mannheim.de\\\/\\\" target=\\\"_blank\\\" rel=\\\"noopener\\\">M:CON<\\\/a> <\\\/span><span>auch eines der gefragtesten Kongresszentren Deutschlands zu seinen Stammkunden.<\\\/span><br \\\/><span>Tobias Lensinger legt Wert auf Mobilit\\u00e4t und Flexibilit\\u00e4t und den Fokus auf guten Sound, <\\\/span><span>um die Vision der jeweiligen K\\u00fcnstler und Redner zum Leben zu erwecken <\\\/span><span>und eine Veranstaltung von einer Idee zu einem Erfolg zu machen.<\\\/span><\\\/p>\",\"drop_position\":\"right-center\"}}]},{\"type\":\"button\",\"props\":{\"grid_column_gap\":\"small\",\"grid_row_gap\":\"small\",\"margin\":\"default\",\"visibility\":\"l\",\"animation\":\"parallax\",\"parallax_x_start\":\"460\",\"parallax_x_end\":\"460\",\"parallax_y_start\":\"-210\",\"parallax_y_end\":\"-210\",\"parallax_zindex\":true,\"parallax_target\":true},\"children\":[{\"type\":\"button_item\",\"props\":{\"button_style\":\"primary\",\"icon_align\":\"left\",\"content\":\"Anrufen\",\"link\":\"tel:+4917673011497\",\"icon\":\"receiver\"}},{\"type\":\"button_item\",\"props\":{\"button_style\":\"primary\",\"icon_align\":\"left\",\"content\":\"What's App\",\"link\":\" https:\\\/\\\/wa.me\\\/4917673011497\",\"icon\":\"whatsapp\"}},{\"type\":\"button_item\",\"props\":{\"button_style\":\"primary\",\"icon_align\":\"left\",\"content\":\"E-Mail senden\",\"link\":\"mailto:email@tobiaslensinger.de\",\"icon\":\"mail\"}}]}]}]}],\"name\":\"XLarge\"},{\"type\":\"section\",\"props\":{\"style\":\"default\",\"width\":\"\",\"vertical_align\":\"\",\"title_position\":\"top-left\",\"title_rotation\":\"left\",\"title_breakpoint\":\"xl\",\"image_position\":\"center-center\",\"overlap\":true,\"padding\":\"xsmall\",\"class\":\"uk-hidden@m\"},\"children\":[{\"type\":\"row\",\"children\":[{\"type\":\"column\",\"props\":{\"position_sticky_breakpoint\":\"m\",\"image_position\":\"center-center\",\"media_overlay_gradient\":\"\"},\"children\":[{\"type\":\"social\",\"props\":{\"link_style\":\"button\",\"grid\":\"horizontal\",\"grid_gap\":\"large\",\"margin\":\"remove-vertical\",\"text_align\":\"center\",\"visibility\":\"hidden-l\"},\"children\":[{\"type\":\"social_item\",\"props\":{\"link\":\"tel:+4917673011497\"}},{\"type\":\"social_item\",\"props\":{\"link\":\"https:\\\/\\\/wa.me\\\/4917673011497\"}},{\"type\":\"social_item\",\"props\":{\"link\":\"mailto:email@tobiaslensinger.de\"}}]},{\"type\":\"popover\",\"props\":{\"show_title\":true,\"show_meta\":true,\"show_content\":true,\"show_image\":false,\"show_link\":false,\"icon\":\"plus\",\"drop_mode\":\"hover\",\"drop_position\":\"top-center\",\"card_style\":\"secondary\",\"title_hover_style\":\"reset\",\"title_element\":\"h4\",\"meta_style\":\"h6\",\"meta_align\":\"below-title\",\"meta_element\":\"div\",\"image_card_padding\":true,\"image_svg_color\":\"emphasis\",\"link_text\":\"Read more\",\"link_style\":\"default\",\"margin\":\"default\",\"background_image\":\"wp-content\\\/uploads\\\/2022\\\/08\\\/Tobias-Lensinger-Musiker-Tontechniker_0705.jpg\",\"background_image_height\":\"1280\",\"card_size\":\"small\",\"visibility\":\"hidden-l\",\"title_style\":\"h4\",\"meta_margin\":\"remove\",\"marker_color\":\"light\",\"drop_width\":\"320\",\"content_margin\":\"small\"},\"children\":[{\"type\":\"popover_item\",\"props\":{\"title\":\"Musiker\",\"position_x\":\"66\",\"position_y\":\"33\",\"drop_position\":\"left-center\",\"content\":\"\n\n<p><strong>Ein Urgestein in der Musikerszene in Rheinhessen.<\\\/strong><\\\/p>\\n\n\n<p>Mit seiner kraftvollen Stimme und umfassenden Repertoire aus Pop, Rock, Jazz und Funk begeistert er das Publikum regelm\\u00e4\\u00dfig bei Konzerten und Events. Als Gitarrist und S\\u00e4nger tritt er mit seinem Soloprogramm auf, im Duo mit Saxophonistin als <a href=\\\"https:\\\/\\\/diekleinegroovekapelle.de\\\/\\\" target=\\\"_blank\\\" rel=\\\"noopener\\\">\\\"die kleine Groovekapelle\\\"<\\\/a>, als Trio bei der Jam-Band \\\"Sugar Boys\\\", und als regelm\\u00e4\\u00dfiger Gast bei der etablierten Partyband <a href=\\\"https:\\\/\\\/meandtheheat.eu\\\/\\\" target=\\\"_blank\\\" rel=\\\"noopener\\\">\\\"Me and the Heat\\\"<\\\/a>. In gr\\u00f6\\u00dferen Formationen findet man ihn auch am Klavier oder am Kontrabass, wie beim einf\\u00fchlsamen Chanson-Projekt <a href=\\\"https:\\\/\\\/la-vie-en-ro.se\\\/\\\" target=\\\"_blank\\\" rel=\\\"noopener\\\">\\\"La Vie En Rose\\\"<\\\/a>.<\\\/p>\",\"meta\":\"S\\u00e4nger, Gitarrist und Multiinstrumentalist\"}},{\"type\":\"popover_item\",\"props\":{\"position_x\":\"47\",\"position_y\":\"46\",\"title\":\"Tontechniker\",\"drop_position\":\"right-center\",\"content\":\"\n\n<p><strong>Tobias Lensinger ist Tontechniker f\\u00fcr Konzerte und Events, Live und Streaming.<\\\/strong><br \\\/><span>Als technischer Leiter des Jazzclubs <a href=\\\"https:\\\/\\\/www.ellalouis.de\\\/\\\" target=\\\"_blank\\\" rel=\\\"noopener\\\">Ella&amp;Louis<\\\/a><\\\/span><span> in Mannheim hatte Tobias Lensinger jeden, der Rang und Namen hat, <\\\/span><span>vor dem Mikrofon und im Rahmen von Livestreams auch vor der Kamera.<\\\/span><br \\\/><span>Auch bei Festivals oder Firmenevents und Messen ist Tobias Lensinger ein verl\\u00e4sslicher Partner, <\\\/span><span>der sich dank schneller Auffassungsgabe in jedes Team integrieren und in jedes System einarbeiten kann.<\\\/span><br \\\/><span>So z\\u00e4hlt mit der <a href=\\\"https:\\\/\\\/www.mcon-mannheim.de\\\/\\\" target=\\\"_blank\\\" rel=\\\"noopener\\\">M:CON<\\\/a> <\\\/span><span>auch eines der gefragtesten Kongresszentren Deutschlands zu seinen Stammkunden.<\\\/span><br \\\/><span>Tobias Lensinger legt Wert auf Mobilit\\u00e4t und Flexibilit\\u00e4t und den Fokus auf guten Sound, <\\\/span><span>um die Vision der jeweiligen K\\u00fcnstler und Redner zum Leben zu erwecken <\\\/span><span>und eine Veranstaltung von einer Idee zu einem Erfolg zu machen.<\\\/span><\\\/p>\"}}]}]}],\"props\":{\"class\":\"uk-visible@s\"}}],\"name\":\"Tablet\"},{\"type\":\"section\",\"props\":{\"style\":\"secondary\",\"width\":\"\",\"vertical_align\":\"\",\"title_position\":\"top-left\",\"title_rotation\":\"left\",\"title_breakpoint\":\"xl\",\"image_position\":\"center-center\",\"overlap\":true,\"padding\":\"xsmall\",\"padding_remove_top\":true,\"padding_remove_bottom\":true},\"children\":[{\"type\":\"row\",\"children\":[{\"type\":\"column\",\"props\":{\"position_sticky_breakpoint\":\"m\",\"image_position\":\"center-center\",\"media_overlay_gradient\":\"\",\"vertical_align\":\"middle\",\"padding\":\"none\"},\"children\":[{\"type\":\"social\",\"props\":{\"link_style\":\"button\",\"grid\":\"horizontal\",\"grid_gap\":\"large\",\"margin\":\"remove-vertical\",\"text_align\":\"center\",\"visibility\":\"hidden-s\"},\"children\":[{\"type\":\"social_item\",\"props\":{\"link\":\"tel:+4917673011497\"}},{\"type\":\"social_item\",\"props\":{\"link\":\"https:\\\/\\\/wa.me\\\/4917673011497\"}},{\"type\":\"social_item\",\"props\":{\"link\":\"mailto:email@tobiaslensinger.de\"}}]},{\"type\":\"popover\",\"props\":{\"show_title\":true,\"show_meta\":true,\"show_content\":true,\"show_image\":false,\"show_link\":false,\"icon\":\"plus\",\"drop_mode\":\"hover\",\"drop_position\":\"top-center\",\"card_style\":\"secondary\",\"title_hover_style\":\"reset\",\"title_element\":\"h4\",\"meta_style\":\"h6\",\"meta_align\":\"below-title\",\"meta_element\":\"div\",\"image_card_padding\":true,\"image_svg_color\":\"emphasis\",\"link_text\":\"Read more\",\"link_style\":\"default\",\"margin\":\"default\",\"background_image\":\"wp-content\\\/uploads\\\/2022\\\/08\\\/Tobias-Lensinger-Musiker-Tontechniker_0507.jpg\",\"background_image_height\":\"1280\",\"card_size\":\"small\",\"visibility\":\"hidden-s\",\"title_style\":\"h4\",\"meta_margin\":\"remove\",\"marker_color\":\"light\",\"drop_width\":\"320\",\"content_margin\":\"small\",\"margin_remove_top\":true},\"children\":[{\"type\":\"popover_item\",\"props\":{\"title\":\"Musiker\",\"position_x\":\"72\",\"position_y\":\"35\",\"drop_position\":\"left-center\",\"content\":\"\n\n<p><strong>Ein Urgestein in der Musikerszene in Rheinhessen.<\\\/strong><\\\/p>\\n\n\n<p>Mit seiner kraftvollen Stimme und umfassenden Repertoire aus Pop, Rock, Jazz und Funk begeistert er das Publikum regelm\\u00e4\\u00dfig bei Konzerten und Events. Als Gitarrist und S\\u00e4nger tritt er mit seinem Soloprogramm auf, im Duo mit Saxophonistin als <a href=\\\"https:\\\/\\\/diekleinegroovekapelle.de\\\/\\\" target=\\\"_blank\\\" rel=\\\"noopener\\\">\\\"die kleine Groovekapelle\\\"<\\\/a>, als Trio bei der Jam-Band \\\"Sugar Boys\\\", und als regelm\\u00e4\\u00dfiger Gast bei der etablierten Partyband <a href=\\\"https:\\\/\\\/meandtheheat.eu\\\/\\\" target=\\\"_blank\\\" rel=\\\"noopener\\\">\\\"Me and the Heat\\\"<\\\/a>. In gr\\u00f6\\u00dferen Formationen findet man ihn auch am Klavier oder am Kontrabass, wie beim einf\\u00fchlsamen Chanson-Projekt <a href=\\\"https:\\\/\\\/la-vie-en-ro.se\\\/\\\" target=\\\"_blank\\\" rel=\\\"noopener\\\">\\\"La Vie En Rose\\\"<\\\/a>.<\\\/p>\",\"meta\":\"S\\u00e4nger, Gitarrist und Multiinstrumentalist\"}},{\"type\":\"popover_item\",\"props\":{\"position_x\":\"8\",\"position_y\":\"46\",\"title\":\"Tontechniker\",\"drop_position\":\"right-center\",\"content\":\"\n\n<p><strong>Tobias Lensinger ist Tontechniker f\\u00fcr Konzerte und Events, Live und Streaming.<\\\/strong><br \\\/><span>Als technischer Leiter des Jazzclubs <a href=\\\"https:\\\/\\\/www.ellalouis.de\\\/\\\" target=\\\"_blank\\\" rel=\\\"noopener\\\">Ella&amp;Louis<\\\/a><\\\/span><span> in Mannheim hatte Tobias Lensinger jeden, der Rang und Namen hat, <\\\/span><span>vor dem Mikrofon und im Rahmen von Livestreams auch vor der Kamera.<\\\/span><br \\\/><span>Auch bei Festivals oder Firmenevents und Messen ist Tobias Lensinger ein verl\\u00e4sslicher Partner, <\\\/span><span>der sich dank schneller Auffassungsgabe in jedes Team integrieren und in jedes System einarbeiten kann.<\\\/span><br \\\/><span>So z\\u00e4hlt mit der <a href=\\\"https:\\\/\\\/www.mcon-mannheim.de\\\/\\\" target=\\\"_blank\\\" rel=\\\"noopener\\\">M:CON<\\\/a> <\\\/span><span>auch eines der gefragtesten Kongresszentren Deutschlands zu seinen Stammkunden.<\\\/span><br \\\/><span>Tobias Lensinger legt Wert auf Mobilit\\u00e4t und Flexibilit\\u00e4t und den Fokus auf guten Sound, <\\\/span><span>um die Vision der jeweiligen K\\u00fcnstler und Redner zum Leben zu erwecken <\\\/span><span>und eine Veranstaltung von einer Idee zu einem Erfolg zu machen.<\\\/span><\\\/p>\"}}]}]}],\"props\":{\"margin_remove_top\":true,\"row_gap\":\"small\",\"column_gap\":\"collapse\"}}],\"name\":\"Mobile\"}],\"version\":\"2.7.25\"} --><\/p>\n","protected":false},"excerpt":{"rendered":"<p>Musiker S\u00e4nger, Gitarrist und Multiinstrumentalist Ein Urgestein in der Musikerszene in Rheinhessen. Mit seiner kraftvollen Stimme und umfassenden Repertoire aus Pop, Rock, Jazz und Funk begeistert er das Publikum regelm\u00e4\u00dfig bei Konzerten und Events.Als Gitarrist und S\u00e4nger tritt er mit seinem Soloprogramm auf, im Duo mit Saxophonistin als &#8222;die kleine Groovekapelle&#8220;, als Trio bei der [&hellip;]<\/p>\n","protected":false},"author":1,"featured_media":0,"parent":0,"menu_order":1,"comment_status":"closed","ping_status":"closed","template":"","meta":{"footnotes":""},"_links":{"self":[{"href":"https:\/\/tobiaslensinger.de\/index.php?rest_route=\/wp\/v2\/pages\/8"}],"collection":[{"href":"https:\/\/tobiaslensinger.de\/index.php?rest_route=\/wp\/v2\/pages"}],"about":[{"href":"https:\/\/tobiaslensinger.de\/index.php?rest_route=\/wp\/v2\/types\/page"}],"author":[{"embeddable":true,"href":"https:\/\/tobiaslensinger.de\/index.php?rest_route=\/wp\/v2\/users\/1"}],"replies":[{"embeddable":true,"href":"https:\/\/tobiaslensinger.de\/index.php?rest_route=%2Fwp%2Fv2%2Fcomments&post=8"}],"version-history":[{"count":79,"href":"https:\/\/tobiaslensinger.de\/index.php?rest_route=\/wp\/v2\/pages\/8\/revisions"}],"predecessor-version":[{"id":208,"href":"https:\/\/tobiaslensinger.de\/index.php?rest_route=\/wp\/v2\/pages\/8\/revisions\/208"}],"wp:attachment":[{"href":"https:\/\/tobiaslensinger.de\/index.php?rest_route=%2Fwp%2Fv2%2Fmedia&parent=8"}],"curies":[{"name":"wp","href":"https:\/\/api.w.org\/{rel}","templated":true}]}}